ue
Let o = -10 - -14. Suppose 0 = -9*c + o*c. Is c + -3*(-785)/15 a prime number?
True
Let n(b) = -b**3 - b + 26. Let t be n(0). Suppose t = 2*a + 4*q, 5*a - 3*q = q + 9. Suppose a*w = 712 - 17. Is w composite?
False
Let r(n) = 2*n**3 + 9*n**2 - 7*n + 9. Let m be r(-8). Let o = 538 + m. Is o prime?
False
Let g(t) = 28839*t**2 - 25*t - 45. Is g(-2) a composite number?
False
Let c(d) = -3*d**2 + 13*d - 3. Let r be c(5). Let n(b) = -29*b - 18. Is n(r) a composite number?
False
Suppose -n - 7 = -k - 0, -4*k + 2*n = -28. Let p(l) = 0 - 7 + k*l + 27*l - 8. Is p(7) prime?
True
Let z be 45285/10 - (-3)/2. Suppose 5*p - 2528 = -2*t, 4*t - 498 - z = 4*p. Is t composite?
False
Let h be ((-1338)/(-4))/((-1)/(-4)). Suppose 3*a - h = -3*a. Is a composite?
False
Suppose g = -3*q - 2*q - 2, -q - g + 2 = 0. Let f(o) = -2468*o**3 - 4*o**2 - 5*o - 2. Is f(q) composite?
False
Let d(t) = t**2 - 6*t + 7. Suppose 4*b + b = 25. Let u be d(b). Is (265/15)/(u/6) a composite number?
False
Suppose x + 5115 - 1769 = 5*r, x = 3*r - 3336. Let g = -542 - x. Is g a prime number?
False
Suppose -g + 2*v = -8503, 5*g + 3*v = 2*v + 42504. Is g a prime number?
True
Let a = 564 + -175. Is a a prime number?
True
Let p = 5352 - 3386. Suppose -4*r + p = -198. Is r a composite number?
False
Let v(w) = 1729*w - 1. Let y(i) = 4*i + 26. Let f be y(-6). Is v(f) a composite number?
False
Suppose -5*l + 37 = 3*x, 4*l - 6*x - 12 = -4*x. Suppose l*t = -2*s - 505, -s = -2*s. Let n = 180 + t. Is n a prime number?
True
Let z(k) = -316*k - 5. Is z(-4) a composite number?
False
Let n(j) = -2*j**2 - 2*j + 298. Is n(0) a composite number?
True
Let n be ((-7)/(-2))/((-2)/(-4)). Is (3/9)/((7/4323)/n) a composite number?
True
Let o = -2324 + 20809. Is o a prime number?
False
Suppose -100*s = -99*s - 211. Is s composite?
False
Let z = 57 - 53. Suppose 0*s - 3*k + 990 = 3*s, -z*k - 666 = -2*s. Is s a prime number?
True
Is (-366816)/180*-3 + 6/(-10) composite?
False
Let g(m) = 5*m + 1. Let b be g(6). Let k = -43 - b. Is (2 + -8)*k/6 a prime number?
False
Let d(o) = o. Let v(r) = 3*r - 5. Let t(z) = d(z) - v(z). Let m be t(0). Suppose -165 - 230 = -m*w. Is w a prime number?
True
Let n(u) = -6*u**3 - 12*u**2 + 16*u - 39. Is n(-10) prime?
False
Let u be (6/(-10))/((-3)/15). Let w be -6*u/(-6) + 1710. Suppose 0 = z + 2*p - 489, -5*z + 5*p + w = -702. Is z a prime number?
False
Suppose 0 = 3*o - 4*o - 7489. Let f = -5202 - o. Is f a composite number?
False
Let t(y) = 523*y - 76. Is t(6) composite?
True
Let j be (-6 + 2)*(-3)/(-2). Let n(w) = -96*w - 13. Is n(j) prime?
True
Let n(i) = 83*i**2 - 34*i + 97. Is n(10) a composite number?
True
Let m(j) = 3*j - 3. Let d be m(-4). Let r be (10/d)/(2/(-12)). Suppose -o - l + 209 = 0, -r*o + 836 = l - 3*l. Is o a prime number?
False
Let a(q) = 19*q**2 + 9*q - 1. Let w be a(4). Let m = w + -176. Is m prime?
True
Let n = -10955 - -43212. Is n prime?
True
Is 80989/9 + (-6)/(-27) composite?
False
Is (-1042662)/(-36) + (-4)/(-24) prime?
False
Suppose p - 5*l = 8, 7 = 4*p + 6*l - l. Is p - 8374/(-6) - (-3)/9 a composite number?
False
Let y = -77 + 66. Let i(w) = 37*w**2 + 20*w - 8. Is i(y) prime?
False
Let a(p) = 232*p**2 + 2*p + 3. Let c be 8/(-6) - (-1)/3. Let t be a(c). Suppose -6*r + 529 = -t. Is r composite?
False
Let x(d) = 169*d**2 - 14*d - 24. Is x(-5) a composite number?
False
Let o be (-154)/(-30) - 18/135. Suppose -o*j + 5*m = -4820, -j + 394 = 5*m - 576. Suppose -j = -4*s + 1991. Is s a composite number?
False
Let q be 594/(-88) - (-1 + 5/4). Let m(s) = -115*s + 10. Is m(q) prime?
False
Suppose 5*d = -0*d - 7535. Let v = -961 - d. Let j = v - 359. Is j composite?
True
Suppose 5 = -h - 3*t + 21, 12 = -h + 4*t. Let u(o) = o - 4. Let s be u(h). Suppose -1 = -3*l - s*l - 2*z, 4*l - 32 = 5*z. Is l a composite number?
False
Let c(z) = -1152*z + 3. Let b(a) = a - 1. Let x(m) = 2*b(m) + c(m). Is x(-1) prime?
True
Suppose 0 = -2*v - c + 2132, -11 = 2*c - 7. Is v composite?
True
Let f(n) = -88*n + 22. Let t be f(-3). Let x = t - 153. Is x prime?
False
Let j = 6483 + 758. Is j composite?
True
Let g(h) = 7*h + 1 + 4136*h**2 - 7*h. Let n be g(1). Suppose -5*t + 188 + n = 0. Is t prime?
False
Suppose 2*r + 0*r - 11 = 5*m, 4*r - 3*m - 15 = 0. Suppose 2*s - 1916 = -r*k, -4221 = -4*s + 5*k - 411. Is s prime?
False
Let i(j) = 2982*j + 1279. Is i(10) composite?
True
Let o = -28 - -30. Let h be -1 - -1650 - (2 + o). Suppose -h = -4*v - v. Is v composite?
True
Let a = -815 - -6712. Is a a composite number?
False
Let w be 2/6 + 4594/6. Suppose 0 = 5*b - w + 221. Is b composite?
False
Suppose 0 = q - 3*t - 8018, 0 = -5*q + 3*t + 6048 + 34006. Is q prime?
True
Let w(d) = -4*d**3 + d**2 + 2*d. Let u be w(-1). Is 1151*(6/u + 1) prime?
False
Is (1/(-2))/((-25)/3129050) composite?
False
Is (3/((-12)/(-254)))/(5/10) a prime number?
True
Let s(l) = 7*l**3 - 2*l**2 + 2. Let f(d) = 4*d**3 - 4*d**2 - d + 1. Let u(q) = q**3 - q**2. Let a(o) = f(o) - 5*u(o). Let g(n) = -5*a(n) - s(n). Is g(-5) prime?
False
Suppose 0 = -j - 5*f + 1482, 4*j - 1401 = -3*f + 4578. Let d = -744 + j. Is d prime?
False
Let s(r) = 16*r**2 + 5*r - 1. Suppose 5 = -5*y - 15. Is s(y) composite?
True
Suppose 6*b = 9*b - 26997. Is b composite?
False
Let y = -317 - -994. Is y a composite number?
False
Let u = 12704 + 4433. Is u composite?
False
Let z = 111 - 58. Let a = -232 - z. Let f = 412 + a. Is f composite?
False
Let k be -1*(-2028)/3 - 1. Suppose -k - 158 = -7*d. Is d a composite number?
True
Let u be 20/30 + (-3212)/(-6). Suppose 8*a = -0*a + u. Is a composite?
False
Let t = 18 - 16. Suppose -t = 2*h, 2*h = -3*k + 4 - 0. Suppose -4*d + k*d = -452. Is d a prime number?
False
Suppose 9*d = 370 + 24569. Is d prime?
False
Let w(y) = -303*y**3 + y - 5. Is w(-2) a prime number?
True
Let j = 149 + -145. Let f be ((-1)/2 + 1)*8. Suppose 4*q - 3*o = 3*q + 301, j*q - 1220 = f*o. Is q composite?
False
Suppose 3*r = 37*g - 41*g + 35971, 2*r = 2*g + 23990. Is r composite?
True
Suppose 0 = -19*b - 2*b + 134169. Is b a composite number?
False
Is 3/(-9*4/347496*-2) a prime number?
True
Let h be (2 + -1)*(10 - 28). Let o be (-978)/h + (-2)/(-3). Suppose o + 199 = 2*p. Is p a prime number?
True
Suppose 0 = 1005*v - 1010*v + 141055. Is v a prime number?
True
Suppose -5*h = -4*c + 642429, 2*h - h - 803000 = -5*c. Is c prime?
False
Let a be ((-6)/3)/(0 - 1). Let r be (15/6)/((-2)/(-252)). Suppose 0*b - a*y + 321 = 5*b, -5*b + r = 5*y. Is b a prime number?
False
Suppose 28956 = 22*c + 1258. Is c a composite number?
False
Let n be (-1160)/(-6) - (-6)/9. Let j be (291/(-6))/(4/8). Let m = n + j. Is m a composite number?
False
Suppose 2*b - c + 1 = 0, -c + 2*c = -5*b + 15. Suppose 5*j + 735 + 316 = 4*h, 771 = 3*h + b*j. Let r = 408 - h. Is r a composite number?
False
Let h(z) = -340*z - 117. Is h(-6) a prime number?
False
Suppose -9282 = -o - 2675. Is o prime?
True
Let x(i) = i**3 + 9*i**2 - 8*i + 1. Let d be x(-10). Let k be -9 + 12 - (2 + d). Suppose 0 = a - k - 75. Is a composite?
True
Let j(x) = -x**3 + 15*x**2 + 3*x - 11. Suppose -18 - 9 = -3*a. Is j(a) a composite number?
True
Let u be 58/(-4) - (-1)/2. Let i be 24/(-48) + 66/4. Let w = i + u. Is w prime?
True
Let c(l) = 3*l - 4. Let q be c(3). Suppose 0 = q*n - 50 + 1520. Let w = n - -435. Is w a prime number?
False
Suppose 0 = -j + 126 + 446. Let i = -662 - -719. Let l = j + i. Is l a composite number?
True
Suppose -r - 18*r + 150119 = 0. Is r a prime number?
True
Suppose -4*i + 6159 = 5*c - i, 3689 = 3*c + 5*i. Suppose -2*b - 4*j = -1118, 3*b = -j + 439 + c. Is b a prime number?
True
Suppose -38*l = -22*l - 52336. Is l a composite number?
False
Suppose -4*x - 3*a + 96 = 0, 71 = 4*x - 5*a - 57. Is (x - 25) + (1 - -2702) a prime number?
False
Suppose -11*s = -69717 - 30284. Is s composite?
False
Let o = -115 + 46. Let r = o + 3002. Is r a composite number?
True
Suppose 0 = 3*n + n - 44. Let l = n + -7. Suppose 256 = l*k + 44. Is k composite?
False
Suppose -7*r + 14*r = 8218. Suppose 5*b - b = 12. Suppose -b*a = -a - r. Is a prime?
True
Let n = -452 + 783. Is n composite?
False
Suppose -913 = 9*n - 7501. Is n + 0 + 2 + -1 prime?
True
Suppose k = 0, -4*j + 504 + 1524 = -k. Let l = j + 346. Is l a composite number?
False
Suppose 0 = -2*z - 3*o - 51, o = 5*z - o + 156. Let s be 1/((-2)/z*-3